{"id":10855,"date":"2025-09-18T11:41:12","date_gmt":"2025-09-18T14:41:12","guid":{"rendered":"https:\/\/bikefacil.com\/?post_type=avada_faq&#038;p=10855"},"modified":"2025-09-18T11:41:12","modified_gmt":"2025-09-18T14:41:12","slug":"o-que-significa-integracao-entre-transporte-publico-e-bike-sharing","status":"publish","type":"avada_faq","link":"https:\/\/bikefacil.com\/faqs\/o-que-significa-integracao-entre-transporte-publico-e-bike-sharing\/","title":{"rendered":"O que significa integra\u00e7\u00e3o entre transporte p\u00fablico e bike-sharing?"},"content":{"rendered":"<p>\u00c9 a combina\u00e7\u00e3o de diferentes modais de transporte urbano \u2014 como \u00f4nibus, metr\u00f4 e trens \u2014 com sistemas de bicicletas compartilhadas. Na pr\u00e1tica, o usu\u00e1rio pode realizar parte do trajeto em transporte coletivo e utilizar a bicicleta para completar o percurso final, conhecido como \u201c\u00faltimo quil\u00f4metro\u201d.<\/p>\n","protected":false},"excerpt":{"rendered":"<p>\u00c9 a combina\u00e7\u00e3o de diferentes modais de transporte urbano \u2014  [&#8230;]<\/p>\n","protected":false},"author":7,"featured_media":0,"menu_order":5,"comment_status":"open","ping_status":"closed","template":"","format":"standard","meta":{"_acf_changed":false,"footnotes":""},"faq_category":[185],"class_list":["post-10855","avada_faq","type-avada_faq","status-publish","format-standard","hentry","faq_category-integracao-bike-sharing-transporte-publico"],"acf":[],"_links":{"self":[{"href":"https:\/\/bikefacil.com\/?rest_route=\/wp\/v2\/avada_faq\/10855","targetHints":{"allow":["GET"]}}],"collection":[{"href":"https:\/\/bikefacil.com\/?rest_route=\/wp\/v2\/avada_faq"}],"about":[{"href":"https:\/\/bikefacil.com\/?rest_route=\/wp\/v2\/types\/avada_faq"}],"author":[{"embeddable":true,"href":"https:\/\/bikefacil.com\/?rest_route=\/wp\/v2\/users\/7"}],"replies":[{"embeddable":true,"href":"https:\/\/bikefacil.com\/?rest_route=%2Fwp%2Fv2%2Fcomments&post=10855"}],"version-history":[{"count":1,"href":"https:\/\/bikefacil.com\/?rest_route=\/wp\/v2\/avada_faq\/10855\/revisions"}],"predecessor-version":[{"id":10856,"href":"https:\/\/bikefacil.com\/?rest_route=\/wp\/v2\/avada_faq\/10855\/revisions\/10856"}],"wp:attachment":[{"href":"https:\/\/bikefacil.com\/?rest_route=%2Fwp%2Fv2%2Fmedia&parent=10855"}],"wp:term":[{"taxonomy":"faq_category","embeddable":true,"href":"https:\/\/bikefacil.com\/?rest_route=%2Fwp%2Fv2%2Ffaq_category&post=10855"}],"curies":[{"name":"wp","href":"https:\/\/api.w.org\/{rel}","templated":true}]}}

O que significa integração entre transporte público e bike-sharing?

<p>É a combinação de diferentes modais de transporte urbano — como ônibus, metrô e trens — com sistemas de bicicletas compartilhadas. Na prática, o usuário pode realizar parte do trajeto em transporte coletivo e utilizar a bicicleta para completar o percurso final, conhecido como “último quilômetro”.</p>

<p>É a combinação de diferentes modais de transporte urbano —  [&#8230;]</p>
