{"id":10857,"date":"2025-09-18T11:45:01","date_gmt":"2025-09-18T14:45:01","guid":{"rendered":"https:\/\/bikefacil.com\/?post_type=avada_faq&#038;p=10857"},"modified":"2025-09-18T11:45:01","modified_gmt":"2025-09-18T14:45:01","slug":"quais-sao-os-principais-beneficios-dessa-integracao","status":"publish","type":"avada_faq","link":"https:\/\/bikefacil.com\/faqs\/quais-sao-os-principais-beneficios-dessa-integracao\/","title":{"rendered":"Quais s\u00e3o os principais benef\u00edcios dessa integra\u00e7\u00e3o?"},"content":{"rendered":"<p>-Redu\u00e7\u00e3o das emiss\u00f5es de poluentes e contribui\u00e7\u00e3o para a mobilidade sustent\u00e1vel.<\/p>\n<p>-Economia financeira para usu\u00e1rios, empresas e governos.<\/p>\n<p>-Mais rapidez e efici\u00eancia nos deslocamentos urbanos.<\/p>\n<p>-Melhora na sa\u00fade f\u00edsica e mental da popula\u00e7\u00e3o.<\/p>\n<p>-Inclus\u00e3o social, garantindo acesso ao transporte para diferentes perfis socioecon\u00f4micos.<\/p>\n","protected":false},"excerpt":{"rendered":"<p>-Redu\u00e7\u00e3o das emiss\u00f5es de poluentes e contribui\u00e7\u00e3o para a mobilidade  [&#8230;]<\/p>\n","protected":false},"author":7,"featured_media":0,"menu_order":4,"comment_status":"open","ping_status":"closed","template":"","format":"standard","meta":{"_acf_changed":false,"footnotes":""},"faq_category":[185],"class_list":["post-10857","avada_faq","type-avada_faq","status-publish","format-standard","hentry","faq_category-integracao-bike-sharing-transporte-publico"],"acf":[],"_links":{"self":[{"href":"https:\/\/bikefacil.com\/?rest_route=\/wp\/v2\/avada_faq\/10857","targetHints":{"allow":["GET"]}}],"collection":[{"href":"https:\/\/bikefacil.com\/?rest_route=\/wp\/v2\/avada_faq"}],"about":[{"href":"https:\/\/bikefacil.com\/?rest_route=\/wp\/v2\/types\/avada_faq"}],"author":[{"embeddable":true,"href":"https:\/\/bikefacil.com\/?rest_route=\/wp\/v2\/users\/7"}],"replies":[{"embeddable":true,"href":"https:\/\/bikefacil.com\/?rest_route=%2Fwp%2Fv2%2Fcomments&post=10857"}],"version-history":[{"count":2,"href":"https:\/\/bikefacil.com\/?rest_route=\/wp\/v2\/avada_faq\/10857\/revisions"}],"predecessor-version":[{"id":10859,"href":"https:\/\/bikefacil.com\/?rest_route=\/wp\/v2\/avada_faq\/10857\/revisions\/10859"}],"wp:attachment":[{"href":"https:\/\/bikefacil.com\/?rest_route=%2Fwp%2Fv2%2Fmedia&parent=10857"}],"wp:term":[{"taxonomy":"faq_category","embeddable":true,"href":"https:\/\/bikefacil.com\/?rest_route=%2Fwp%2Fv2%2Ffaq_category&post=10857"}],"curies":[{"name":"wp","href":"https:\/\/api.w.org\/{rel}","templated":true}]}}

Quais são os principais benefícios dessa integração?

<p>-Redução das emissões de poluentes e contribuição para a mobilidade sustentável.</p>
<p>-Economia financeira para usuários, empresas e governos.</p>
<p>-Mais rapidez e eficiência nos deslocamentos urbanos.</p>
<p>-Melhora na saúde física e mental da população.</p>
<p>-Inclusão social, garantindo acesso ao transporte para diferentes perfis socioeconômicos.</p>

<p>-Redução das emissões de poluentes e contribuição para a mobilidade  [&#8230;]</p>
