{"id":10863,"date":"2025-09-18T11:47:13","date_gmt":"2025-09-18T14:47:13","guid":{"rendered":"https:\/\/bikefacil.com\/?post_type=avada_faq&#038;p=10863"},"modified":"2025-09-18T11:48:24","modified_gmt":"2025-09-18T14:48:24","slug":"a-integracao-e-cara-para-o-usuario","status":"publish","type":"avada_faq","link":"https:\/\/bikefacil.com\/faqs\/a-integracao-e-cara-para-o-usuario\/","title":{"rendered":"A integra\u00e7\u00e3o \u00e9 cara para o usu\u00e1rio?"},"content":{"rendered":"<p>Na maioria dos casos, n\u00e3o. O bike-sharing \u00e9 um modal de baixo custo. Quando existe pol\u00edtica de integra\u00e7\u00e3o tarif\u00e1ria, o usu\u00e1rio pode pagar uma tarifa reduzida ou at\u00e9 \u00fanica para utilizar transporte p\u00fablico e bicicletas em um mesmo trajeto. Isso torna a op\u00e7\u00e3o mais acess\u00edvel do que manter um carro ou depender de transporte por aplicativo diariamente.<\/p>\n","protected":false},"excerpt":{"rendered":"<p>Na maioria dos casos, n\u00e3o. O bike-sharing \u00e9 um modal  [&#8230;]<\/p>\n","protected":false},"author":7,"featured_media":0,"menu_order":2,"comment_status":"open","ping_status":"closed","template":"","format":"standard","meta":{"_acf_changed":false,"footnotes":""},"faq_category":[185],"class_list":["post-10863","avada_faq","type-avada_faq","status-publish","format-standard","hentry","faq_category-integracao-bike-sharing-transporte-publico"],"acf":[],"_links":{"self":[{"href":"https:\/\/bikefacil.com\/?rest_route=\/wp\/v2\/avada_faq\/10863","targetHints":{"allow":["GET"]}}],"collection":[{"href":"https:\/\/bikefacil.com\/?rest_route=\/wp\/v2\/avada_faq"}],"about":[{"href":"https:\/\/bikefacil.com\/?rest_route=\/wp\/v2\/types\/avada_faq"}],"author":[{"embeddable":true,"href":"https:\/\/bikefacil.com\/?rest_route=\/wp\/v2\/users\/7"}],"replies":[{"embeddable":true,"href":"https:\/\/bikefacil.com\/?rest_route=%2Fwp%2Fv2%2Fcomments&post=10863"}],"version-history":[{"count":1,"href":"https:\/\/bikefacil.com\/?rest_route=\/wp\/v2\/avada_faq\/10863\/revisions"}],"predecessor-version":[{"id":10864,"href":"https:\/\/bikefacil.com\/?rest_route=\/wp\/v2\/avada_faq\/10863\/revisions\/10864"}],"wp:attachment":[{"href":"https:\/\/bikefacil.com\/?rest_route=%2Fwp%2Fv2%2Fmedia&parent=10863"}],"wp:term":[{"taxonomy":"faq_category","embeddable":true,"href":"https:\/\/bikefacil.com\/?rest_route=%2Fwp%2Fv2%2Ffaq_category&post=10863"}],"curies":[{"name":"wp","href":"https:\/\/api.w.org\/{rel}","templated":true}]}}

A integração é cara para o usuário?

<p>Na maioria dos casos, não. O bike-sharing é um modal de baixo custo. Quando existe política de integração tarifária, o usuário pode pagar uma tarifa reduzida ou até única para utilizar transporte público e bicicletas em um mesmo trajeto. Isso torna a opção mais acessível do que manter um carro ou depender de transporte por aplicativo diariamente.</p>

<p>Na maioria dos casos, não. O bike-sharing é um modal  [&#8230;]</p>
