{"id":10932,"date":"2025-09-22T15:54:40","date_gmt":"2025-09-22T18:54:40","guid":{"rendered":"https:\/\/bikefacil.com\/?post_type=avada_faq&#038;p=10932"},"modified":"2025-09-22T15:54:40","modified_gmt":"2025-09-22T18:54:40","slug":"o-que-significa-mobilidade-ativa-esg-no-contexto-de-incorporadoras","status":"publish","type":"avada_faq","link":"https:\/\/bikefacil.com\/faqs\/o-que-significa-mobilidade-ativa-esg-no-contexto-de-incorporadoras\/","title":{"rendered":"O que significa \u201cmobilidade ativa ESG\u201d no contexto de incorporadoras?"},"content":{"rendered":"<p>A express\u00e3o \u201cmobilidade ativa ESG\u201d refere-se \u00e0 integra\u00e7\u00e3o de pr\u00e1ticas que estimulam deslocamentos sustent\u00e1veis (como caminhar ou pedalar) nos projetos imobili\u00e1rios, alinhando-se aos crit\u00e9rios Ambientais, Sociais e de Governan\u00e7a (ESG) \u2014 favorecendo redu\u00e7\u00e3o de emiss\u00f5es, sa\u00fade e inclus\u00e3o.<\/p>\n","protected":false},"excerpt":{"rendered":"<p>A express\u00e3o \u201cmobilidade ativa ESG\u201d refere-se \u00e0 integra\u00e7\u00e3o de pr\u00e1ticas  [&#8230;]<\/p>\n","protected":false},"author":7,"featured_media":0,"menu_order":5,"comment_status":"open","ping_status":"closed","template":"","format":"standard","meta":{"_acf_changed":false,"footnotes":""},"faq_category":[186],"class_list":["post-10932","avada_faq","type-avada_faq","status-publish","format-standard","hentry","faq_category-esg-investir-verde"],"acf":[],"_links":{"self":[{"href":"https:\/\/bikefacil.com\/?rest_route=\/wp\/v2\/avada_faq\/10932","targetHints":{"allow":["GET"]}}],"collection":[{"href":"https:\/\/bikefacil.com\/?rest_route=\/wp\/v2\/avada_faq"}],"about":[{"href":"https:\/\/bikefacil.com\/?rest_route=\/wp\/v2\/types\/avada_faq"}],"author":[{"embeddable":true,"href":"https:\/\/bikefacil.com\/?rest_route=\/wp\/v2\/users\/7"}],"replies":[{"embeddable":true,"href":"https:\/\/bikefacil.com\/?rest_route=%2Fwp%2Fv2%2Fcomments&post=10932"}],"version-history":[{"count":2,"href":"https:\/\/bikefacil.com\/?rest_route=\/wp\/v2\/avada_faq\/10932\/revisions"}],"predecessor-version":[{"id":10934,"href":"https:\/\/bikefacil.com\/?rest_route=\/wp\/v2\/avada_faq\/10932\/revisions\/10934"}],"wp:attachment":[{"href":"https:\/\/bikefacil.com\/?rest_route=%2Fwp%2Fv2%2Fmedia&parent=10932"}],"wp:term":[{"taxonomy":"faq_category","embeddable":true,"href":"https:\/\/bikefacil.com\/?rest_route=%2Fwp%2Fv2%2Ffaq_category&post=10932"}],"curies":[{"name":"wp","href":"https:\/\/api.w.org\/{rel}","templated":true}]}}

<p>A expressão “mobilidade ativa ESG” refere-se à integração de práticas que estimulam deslocamentos sustentáveis (como caminhar ou pedalar) nos projetos imobiliários, alinhando-se aos critérios Ambientais, Sociais e de Governança (ESG) — favorecendo redução de emissões, saúde e inclusão.</p>

<p>A expressão “mobilidade ativa ESG” refere-se à integração de práticas  [&#8230;]</p>
