{"id":10935,"date":"2025-09-22T15:56:07","date_gmt":"2025-09-22T18:56:07","guid":{"rendered":"https:\/\/bikefacil.com\/?post_type=avada_faq&#038;p=10935"},"modified":"2025-09-22T15:56:07","modified_gmt":"2025-09-22T18:56:07","slug":"quais-sao-os-principais-beneficios-da-mobilidade-ativa-para-incorporadoras","status":"publish","type":"avada_faq","link":"https:\/\/bikefacil.com\/faqs\/quais-sao-os-principais-beneficios-da-mobilidade-ativa-para-incorporadoras\/","title":{"rendered":"Quais s\u00e3o os principais benef\u00edcios da mobilidade ativa para incorporadoras?"},"content":{"rendered":"<p> Os benef\u00edcios incluem: valoriza\u00e7\u00e3o do empreendimento, conquista de certifica\u00e7\u00f5es verdes (como LEED ou AQUA), redu\u00e7\u00e3o da pegada de carbono, promo\u00e7\u00e3o da sa\u00fade e bem-estar dos moradores, al\u00e9m de posicionamento de mercado mais sustent\u00e1vel e inovador.<\/p>\n","protected":false},"excerpt":{"rendered":"<p>Os benef\u00edcios incluem: valoriza\u00e7\u00e3o do empreendimento, conquista de certifica\u00e7\u00f5es verdes  [&#8230;]<\/p>\n","protected":false},"author":7,"featured_media":0,"menu_order":4,"comment_status":"open","ping_status":"closed","template":"","format":"standard","meta":{"_acf_changed":false,"footnotes":""},"faq_category":[186],"class_list":["post-10935","avada_faq","type-avada_faq","status-publish","format-standard","hentry","faq_category-esg-investir-verde"],"acf":[],"_links":{"self":[{"href":"https:\/\/bikefacil.com\/?rest_route=\/wp\/v2\/avada_faq\/10935","targetHints":{"allow":["GET"]}}],"collection":[{"href":"https:\/\/bikefacil.com\/?rest_route=\/wp\/v2\/avada_faq"}],"about":[{"href":"https:\/\/bikefacil.com\/?rest_route=\/wp\/v2\/types\/avada_faq"}],"author":[{"embeddable":true,"href":"https:\/\/bikefacil.com\/?rest_route=\/wp\/v2\/users\/7"}],"replies":[{"embeddable":true,"href":"https:\/\/bikefacil.com\/?rest_route=%2Fwp%2Fv2%2Fcomments&post=10935"}],"version-history":[{"count":1,"href":"https:\/\/bikefacil.com\/?rest_route=\/wp\/v2\/avada_faq\/10935\/revisions"}],"predecessor-version":[{"id":10936,"href":"https:\/\/bikefacil.com\/?rest_route=\/wp\/v2\/avada_faq\/10935\/revisions\/10936"}],"wp:attachment":[{"href":"https:\/\/bikefacil.com\/?rest_route=%2Fwp%2Fv2%2Fmedia&parent=10935"}],"wp:term":[{"taxonomy":"faq_category","embeddable":true,"href":"https:\/\/bikefacil.com\/?rest_route=%2Fwp%2Fv2%2Ffaq_category&post=10935"}],"curies":[{"name":"wp","href":"https:\/\/api.w.org\/{rel}","templated":true}]}}

Quais são os principais benefícios da mobilidade ativa para incorporadoras?

<p> Os benefícios incluem: valorização do empreendimento, conquista de certificações verdes (como LEED ou AQUA), redução da pegada de carbono, promoção da saúde e bem-estar dos moradores, além de posicionamento de mercado mais sustentável e inovador.</p>

<p>Os benefícios incluem: valorização do empreendimento, conquista de certificações verdes  [&#8230;]</p>
