{"id":10940,"date":"2025-09-22T15:57:33","date_gmt":"2025-09-22T18:57:33","guid":{"rendered":"https:\/\/bikefacil.com\/?post_type=avada_faq&#038;p=10940"},"modified":"2025-09-22T15:57:33","modified_gmt":"2025-09-22T18:57:33","slug":"que-metricas-ou-indicadores-podem-ser-usados-para-monitorar-essas-iniciativas","status":"publish","type":"avada_faq","link":"https:\/\/bikefacil.com\/faqs\/que-metricas-ou-indicadores-podem-ser-usados-para-monitorar-essas-iniciativas\/","title":{"rendered":"Que m\u00e9tricas ou indicadores podem ser usados para monitorar essas iniciativas?"},"content":{"rendered":"<p>Indicadores \u00fateis envolvem n\u00famero de vagas em biciclet\u00e1rios por unidade, taxa de uso de bicicletas (pr\u00f3prias ou compartilhadas), diminui\u00e7\u00e3o de viagens motorizadas dentro do empreendimento, satisfa\u00e7\u00e3o dos moradores com mobilidade e redu\u00e7\u00e3o estimada de emiss\u00f5es de CO\u2082.<\/p>\n","protected":false},"excerpt":{"rendered":"<p>Indicadores \u00fateis envolvem n\u00famero de vagas em biciclet\u00e1rios por unidade,  [&#8230;]<\/p>\n","protected":false},"author":7,"featured_media":0,"menu_order":2,"comment_status":"open","ping_status":"closed","template":"","format":"standard","meta":{"_acf_changed":false,"footnotes":""},"faq_category":[186],"class_list":["post-10940","avada_faq","type-avada_faq","status-publish","format-standard","hentry","faq_category-esg-investir-verde"],"acf":[],"_links":{"self":[{"href":"https:\/\/bikefacil.com\/?rest_route=\/wp\/v2\/avada_faq\/10940","targetHints":{"allow":["GET"]}}],"collection":[{"href":"https:\/\/bikefacil.com\/?rest_route=\/wp\/v2\/avada_faq"}],"about":[{"href":"https:\/\/bikefacil.com\/?rest_route=\/wp\/v2\/types\/avada_faq"}],"author":[{"embeddable":true,"href":"https:\/\/bikefacil.com\/?rest_route=\/wp\/v2\/users\/7"}],"replies":[{"embeddable":true,"href":"https:\/\/bikefacil.com\/?rest_route=%2Fwp%2Fv2%2Fcomments&post=10940"}],"version-history":[{"count":2,"href":"https:\/\/bikefacil.com\/?rest_route=\/wp\/v2\/avada_faq\/10940\/revisions"}],"predecessor-version":[{"id":10942,"href":"https:\/\/bikefacil.com\/?rest_route=\/wp\/v2\/avada_faq\/10940\/revisions\/10942"}],"wp:attachment":[{"href":"https:\/\/bikefacil.com\/?rest_route=%2Fwp%2Fv2%2Fmedia&parent=10940"}],"wp:term":[{"taxonomy":"faq_category","embeddable":true,"href":"https:\/\/bikefacil.com\/?rest_route=%2Fwp%2Fv2%2Ffaq_category&post=10940"}],"curies":[{"name":"wp","href":"https:\/\/api.w.org\/{rel}","templated":true}]}}

Que métricas ou indicadores podem ser usados para monitorar essas iniciativas?

<p>Indicadores úteis envolvem número de vagas em bicicletários por unidade, taxa de uso de bicicletas (próprias ou compartilhadas), diminuição de viagens motorizadas dentro do empreendimento, satisfação dos moradores com mobilidade e redução estimada de emissões de CO₂.</p>

<p>Indicadores úteis envolvem número de vagas em bicicletários por unidade,  [&#8230;]</p>
