{"id":10943,"date":"2025-09-22T15:58:13","date_gmt":"2025-09-22T18:58:13","guid":{"rendered":"https:\/\/bikefacil.com\/?post_type=avada_faq&#038;p=10943"},"modified":"2025-09-22T15:58:13","modified_gmt":"2025-09-22T18:58:13","slug":"de-que-maneira-a-mobilidade-ativa-fortalece-a-dimensao-social-do-esg","status":"publish","type":"avada_faq","link":"https:\/\/bikefacil.com\/faqs\/de-que-maneira-a-mobilidade-ativa-fortalece-a-dimensao-social-do-esg\/","title":{"rendered":"De que maneira a mobilidade ativa fortalece a dimens\u00e3o social do ESG?"},"content":{"rendered":"<p> Ao incentivar caminhar ou pedalar, os empreendimentos promovem acesso mais igualit\u00e1rio ao transporte, reduzem depend\u00eancia de ve\u00edculos e melhoram a qualidade de vida. Isso beneficia especialmente p\u00fablicos com menor acesso a transporte motorizado, fortalecendo a inclus\u00e3o social.<\/p>\n","protected":false},"excerpt":{"rendered":"<p>Ao incentivar caminhar ou pedalar, os empreendimentos promovem acesso mais  [&#8230;]<\/p>\n","protected":false},"author":7,"featured_media":0,"menu_order":1,"comment_status":"open","ping_status":"closed","template":"","format":"standard","meta":{"_acf_changed":false,"footnotes":""},"faq_category":[186],"class_list":["post-10943","avada_faq","type-avada_faq","status-publish","format-standard","hentry","faq_category-esg-investir-verde"],"acf":[],"_links":{"self":[{"href":"https:\/\/bikefacil.com\/?rest_route=\/wp\/v2\/avada_faq\/10943","targetHints":{"allow":["GET"]}}],"collection":[{"href":"https:\/\/bikefacil.com\/?rest_route=\/wp\/v2\/avada_faq"}],"about":[{"href":"https:\/\/bikefacil.com\/?rest_route=\/wp\/v2\/types\/avada_faq"}],"author":[{"embeddable":true,"href":"https:\/\/bikefacil.com\/?rest_route=\/wp\/v2\/users\/7"}],"replies":[{"embeddable":true,"href":"https:\/\/bikefacil.com\/?rest_route=%2Fwp%2Fv2%2Fcomments&post=10943"}],"version-history":[{"count":2,"href":"https:\/\/bikefacil.com\/?rest_route=\/wp\/v2\/avada_faq\/10943\/revisions"}],"predecessor-version":[{"id":10945,"href":"https:\/\/bikefacil.com\/?rest_route=\/wp\/v2\/avada_faq\/10943\/revisions\/10945"}],"wp:attachment":[{"href":"https:\/\/bikefacil.com\/?rest_route=%2Fwp%2Fv2%2Fmedia&parent=10943"}],"wp:term":[{"taxonomy":"faq_category","embeddable":true,"href":"https:\/\/bikefacil.com\/?rest_route=%2Fwp%2Fv2%2Ffaq_category&post=10943"}],"curies":[{"name":"wp","href":"https:\/\/api.w.org\/{rel}","templated":true}]}}

De que maneira a mobilidade ativa fortalece a dimensão social do ESG?

<p> Ao incentivar caminhar ou pedalar, os empreendimentos promovem acesso mais igualitário ao transporte, reduzem dependência de veículos e melhoram a qualidade de vida. Isso beneficia especialmente públicos com menor acesso a transporte motorizado, fortalecendo a inclusão social.</p>
