{"id":10970,"date":"2025-09-24T09:49:49","date_gmt":"2025-09-24T12:49:49","guid":{"rendered":"https:\/\/bikefacil.com\/?post_type=avada_faq&#038;p=10970"},"modified":"2025-09-24T10:02:48","modified_gmt":"2025-09-24T13:02:48","slug":"qual-o-papel-da-prefeitura-na-mobilidade-urbana","status":"publish","type":"avada_faq","link":"https:\/\/bikefacil.com\/faqs\/qual-o-papel-da-prefeitura-na-mobilidade-urbana\/","title":{"rendered":"Qual o papel da prefeitura na mobilidade urbana?"},"content":{"rendered":"<p> A prefeitura \u00e9 respons\u00e1vel por planejar, implementar e fiscalizar pol\u00edticas de mobilidade que impactam diretamente o transporte p\u00fablico, ciclovias, cal\u00e7adas e tr\u00e2nsito da cidade. Al\u00e9m disso, deve articular parcerias com o setor privado, garantir a integra\u00e7\u00e3o entre diferentes modais, promover campanhas de conscientiza\u00e7\u00e3o e investir em infraestrutura acess\u00edvel e inclusiva. Dessa forma, a gest\u00e3o municipal n\u00e3o apenas organiza o fluxo de pessoas e ve\u00edculos, mas tamb\u00e9m fortalece a economia local, melhora a qualidade de vida da popula\u00e7\u00e3o e torna a cidade mais sustent\u00e1vel e atrativa para neg\u00f3cios e investimentos.<\/p>\n","protected":false},"excerpt":{"rendered":"<p>A prefeitura \u00e9 respons\u00e1vel por planejar, implementar e fiscalizar pol\u00edticas  [&#8230;]<\/p>\n","protected":false},"author":7,"featured_media":0,"menu_order":5,"comment_status":"open","ping_status":"closed","template":"","format":"standard","meta":{"_acf_changed":false,"footnotes":""},"faq_category":[191],"class_list":["post-10970","avada_faq","type-avada_faq","status-publish","format-standard","hentry","faq_category-prefeituras-incentivam-sustentabilidade"],"acf":[],"_links":{"self":[{"href":"https:\/\/bikefacil.com\/?rest_route=\/wp\/v2\/avada_faq\/10970","targetHints":{"allow":["GET"]}}],"collection":[{"href":"https:\/\/bikefacil.com\/?rest_route=\/wp\/v2\/avada_faq"}],"about":[{"href":"https:\/\/bikefacil.com\/?rest_route=\/wp\/v2\/types\/avada_faq"}],"author":[{"embeddable":true,"href":"https:\/\/bikefacil.com\/?rest_route=\/wp\/v2\/users\/7"}],"replies":[{"embeddable":true,"href":"https:\/\/bikefacil.com\/?rest_route=%2Fwp%2Fv2%2Fcomments&post=10970"}],"version-history":[{"count":3,"href":"https:\/\/bikefacil.com\/?rest_route=\/wp\/v2\/avada_faq\/10970\/revisions"}],"predecessor-version":[{"id":10991,"href":"https:\/\/bikefacil.com\/?rest_route=\/wp\/v2\/avada_faq\/10970\/revisions\/10991"}],"wp:attachment":[{"href":"https:\/\/bikefacil.com\/?rest_route=%2Fwp%2Fv2%2Fmedia&parent=10970"}],"wp:term":[{"taxonomy":"faq_category","embeddable":true,"href":"https:\/\/bikefacil.com\/?rest_route=%2Fwp%2Fv2%2Ffaq_category&post=10970"}],"curies":[{"name":"wp","href":"https:\/\/api.w.org\/{rel}","templated":true}]}}

<p> A prefeitura é responsável por planejar, implementar e fiscalizar políticas de mobilidade que impactam diretamente o transporte público, ciclovias, calçadas e trânsito da cidade. Além disso, deve articular parcerias com o setor privado, garantir a integração entre diferentes modais, promover campanhas de conscientização e investir em infraestrutura acessível e inclusiva. Dessa forma, a gestão municipal não apenas organiza o fluxo de pessoas e veículos, mas também fortalece a economia local, melhora a qualidade de vida da população e torna a cidade mais sustentável e atrativa para negócios e investimentos.</p>

<p>A prefeitura é responsável por planejar, implementar e fiscalizar políticas  [&#8230;]</p>
