{"id":10975,"date":"2025-09-24T09:55:34","date_gmt":"2025-09-24T12:55:34","guid":{"rendered":"https:\/\/bikefacil.com\/?post_type=avada_faq&#038;p=10975"},"modified":"2025-09-24T09:56:37","modified_gmt":"2025-09-24T12:56:37","slug":"prefeituras-devem-investir-em-carros-eletricos","status":"publish","type":"avada_faq","link":"https:\/\/bikefacil.com\/faqs\/prefeituras-devem-investir-em-carros-eletricos\/","title":{"rendered":"Prefeituras devem investir em carros el\u00e9tricos?"},"content":{"rendered":"<p>Sim, pois isso reduz emiss\u00f5es de poluentes, melhora a qualidade do ar urbano, diminui os custos de opera\u00e7\u00e3o da frota p\u00fablica a longo prazo, incentiva a transi\u00e7\u00e3o energ\u00e9tica, fortalece a imagem de inova\u00e7\u00e3o do munic\u00edpio e estimula o mercado local de tecnologias limpas e infraestrutura de recarga.<\/p>\n","protected":false},"excerpt":{"rendered":"<p>Sim, pois isso reduz emiss\u00f5es de poluentes, melhora a qualidade  [&#8230;]<\/p>\n","protected":false},"author":7,"featured_media":0,"menu_order":3,"comment_status":"open","ping_status":"closed","template":"","format":"standard","meta":{"_acf_changed":false,"footnotes":""},"faq_category":[191],"class_list":["post-10975","avada_faq","type-avada_faq","status-publish","format-standard","hentry","faq_category-prefeituras-incentivam-sustentabilidade"],"acf":[],"_links":{"self":[{"href":"https:\/\/bikefacil.com\/?rest_route=\/wp\/v2\/avada_faq\/10975","targetHints":{"allow":["GET"]}}],"collection":[{"href":"https:\/\/bikefacil.com\/?rest_route=\/wp\/v2\/avada_faq"}],"about":[{"href":"https:\/\/bikefacil.com\/?rest_route=\/wp\/v2\/types\/avada_faq"}],"author":[{"embeddable":true,"href":"https:\/\/bikefacil.com\/?rest_route=\/wp\/v2\/users\/7"}],"replies":[{"embeddable":true,"href":"https:\/\/bikefacil.com\/?rest_route=%2Fwp%2Fv2%2Fcomments&post=10975"}],"version-history":[{"count":2,"href":"https:\/\/bikefacil.com\/?rest_route=\/wp\/v2\/avada_faq\/10975\/revisions"}],"predecessor-version":[{"id":10978,"href":"https:\/\/bikefacil.com\/?rest_route=\/wp\/v2\/avada_faq\/10975\/revisions\/10978"}],"wp:attachment":[{"href":"https:\/\/bikefacil.com\/?rest_route=%2Fwp%2Fv2%2Fmedia&parent=10975"}],"wp:term":[{"taxonomy":"faq_category","embeddable":true,"href":"https:\/\/bikefacil.com\/?rest_route=%2Fwp%2Fv2%2Ffaq_category&post=10975"}],"curies":[{"name":"wp","href":"https:\/\/api.w.org\/{rel}","templated":true}]}}

Prefeituras devem investir em carros elétricos?

<p>Sim, pois isso reduz emissões de poluentes, melhora a qualidade do ar urbano, diminui os custos de operação da frota pública a longo prazo, incentiva a transição energética, fortalece a imagem de inovação do município e estimula o mercado local de tecnologias limpas e infraestrutura de recarga.</p>

<p>Sim, pois isso reduz emissões de poluentes, melhora a qualidade  [&#8230;]</p>
