{"id":10986,"date":"2025-09-24T10:00:38","date_gmt":"2025-09-24T13:00:38","guid":{"rendered":"https:\/\/bikefacil.com\/?post_type=avada_faq&#038;p=10986"},"modified":"2025-09-24T10:00:38","modified_gmt":"2025-09-24T13:00:38","slug":"empresas-podem-se-beneficiar-de-politicas-de-mobilidade","status":"publish","type":"avada_faq","link":"https:\/\/bikefacil.com\/faqs\/empresas-podem-se-beneficiar-de-politicas-de-mobilidade\/","title":{"rendered":"Empresas podem se beneficiar de pol\u00edticas de mobilidade?"},"content":{"rendered":"<p>Sim. Al\u00e9m de incentivos fiscais, as pol\u00edticas p\u00fablicas de mobilidade sustent\u00e1vel permitem reduzir custos operacionais com transporte, empresas podem  aumentar a produtividade dos colaboradores por meio de deslocamentos mais r\u00e1pidos e confort\u00e1veis, e fortalecer a imagem corporativa como parceira de iniciativas ambientais. Programas como caronas corporativas, frotas el\u00e9tricas e biciclet\u00e1rios em locais estrat\u00e9gicos contribuem para atrair e reter talentos, al\u00e9m de gerar vantagem competitiva em um mercado cada vez mais atento \u00e0s pr\u00e1ticas ESG.<\/p>\n","protected":false},"excerpt":{"rendered":"<p>Sim. Al\u00e9m de incentivos fiscais, as pol\u00edticas p\u00fablicas de mobilidade  [&#8230;]<\/p>\n","protected":false},"author":7,"featured_media":0,"menu_order":1,"comment_status":"open","ping_status":"closed","template":"","format":"standard","meta":{"_acf_changed":false,"footnotes":""},"faq_category":[191],"class_list":["post-10986","avada_faq","type-avada_faq","status-publish","format-standard","hentry","faq_category-prefeituras-incentivam-sustentabilidade"],"acf":[],"_links":{"self":[{"href":"https:\/\/bikefacil.com\/?rest_route=\/wp\/v2\/avada_faq\/10986","targetHints":{"allow":["GET"]}}],"collection":[{"href":"https:\/\/bikefacil.com\/?rest_route=\/wp\/v2\/avada_faq"}],"about":[{"href":"https:\/\/bikefacil.com\/?rest_route=\/wp\/v2\/types\/avada_faq"}],"author":[{"embeddable":true,"href":"https:\/\/bikefacil.com\/?rest_route=\/wp\/v2\/users\/7"}],"replies":[{"embeddable":true,"href":"https:\/\/bikefacil.com\/?rest_route=%2Fwp%2Fv2%2Fcomments&post=10986"}],"version-history":[{"count":1,"href":"https:\/\/bikefacil.com\/?rest_route=\/wp\/v2\/avada_faq\/10986\/revisions"}],"predecessor-version":[{"id":10990,"href":"https:\/\/bikefacil.com\/?rest_route=\/wp\/v2\/avada_faq\/10986\/revisions\/10990"}],"wp:attachment":[{"href":"https:\/\/bikefacil.com\/?rest_route=%2Fwp%2Fv2%2Fmedia&parent=10986"}],"wp:term":[{"taxonomy":"faq_category","embeddable":true,"href":"https:\/\/bikefacil.com\/?rest_route=%2Fwp%2Fv2%2Ffaq_category&post=10986"}],"curies":[{"name":"wp","href":"https:\/\/api.w.org\/{rel}","templated":true}]}}

Empresas podem se beneficiar de políticas de mobilidade?

<p>Sim. Além de incentivos fiscais, as políticas públicas de mobilidade sustentável permitem reduzir custos operacionais com transporte, empresas podem  aumentar a produtividade dos colaboradores por meio de deslocamentos mais rápidos e confortáveis, e fortalecer a imagem corporativa como parceira de iniciativas ambientais. Programas como caronas corporativas, frotas elétricas e bicicletários em locais estratégicos contribuem para atrair e reter talentos, além de gerar vantagem competitiva em um mercado cada vez mais atento às práticas ESG.</p>

<p>Sim. Além de incentivos fiscais, as políticas públicas de mobilidade  [&#8230;]</p>
