{"id":9105,"date":"2025-08-15T15:24:27","date_gmt":"2025-08-15T18:24:27","guid":{"rendered":"https:\/\/bikefacil.com\/?post_type=avada_faq&#038;p=9105"},"modified":"2025-08-15T15:28:02","modified_gmt":"2025-08-15T18:28:02","slug":"bicicletario-para-empresas-e-obrigatorio-por-lei","status":"publish","type":"avada_faq","link":"https:\/\/bikefacil.com\/faqs\/bicicletario-para-empresas-e-obrigatorio-por-lei\/","title":{"rendered":"Biciclet\u00e1rio para empresas \u00e9 obrigat\u00f3rio por lei?"},"content":{"rendered":"<p>Em muitas cidades, sim \u2014 especialmente para novas constru\u00e7\u00f5es comerciais e residenciais. Consulte o plano diretor local.<\/p>\n","protected":false},"excerpt":{"rendered":"<p>Em muitas cidades, sim \u2014 especialmente para novas constru\u00e7\u00f5es comerciais  [&#8230;]<\/p>\n","protected":false},"author":7,"featured_media":0,"menu_order":1,"comment_status":"closed","ping_status":"closed","template":"","format":"standard","meta":{"_acf_changed":false,"footnotes":""},"faq_category":[130],"class_list":["post-9105","avada_faq","type-avada_faq","status-publish","format-standard","hentry","faq_category-estacionamento-de-bicicletas-para-empresas"],"acf":[],"_links":{"self":[{"href":"https:\/\/bikefacil.com\/?rest_route=\/wp\/v2\/avada_faq\/9105","targetHints":{"allow":["GET"]}}],"collection":[{"href":"https:\/\/bikefacil.com\/?rest_route=\/wp\/v2\/avada_faq"}],"about":[{"href":"https:\/\/bikefacil.com\/?rest_route=\/wp\/v2\/types\/avada_faq"}],"author":[{"embeddable":true,"href":"https:\/\/bikefacil.com\/?rest_route=\/wp\/v2\/users\/7"}],"replies":[{"embeddable":true,"href":"https:\/\/bikefacil.com\/?rest_route=%2Fwp%2Fv2%2Fcomments&post=9105"}],"version-history":[{"count":0,"href":"https:\/\/bikefacil.com\/?rest_route=\/wp\/v2\/avada_faq\/9105\/revisions"}],"wp:attachment":[{"href":"https:\/\/bikefacil.com\/?rest_route=%2Fwp%2Fv2%2Fmedia&parent=9105"}],"wp:term":[{"taxonomy":"faq_category","embeddable":true,"href":"https:\/\/bikefacil.com\/?rest_route=%2Fwp%2Fv2%2Ffaq_category&post=9105"}],"curies":[{"name":"wp","href":"https:\/\/api.w.org\/{rel}","templated":true}]}}

Bicicletário para empresas é obrigatório por lei?

<p>Em muitas cidades, sim — especialmente para novas construções comerciais e residenciais. Consulte o plano diretor local.</p>

<p>Em muitas cidades, sim — especialmente para novas construções comerciais  [&#8230;]</p>
