{"id":9114,"date":"2025-08-15T15:30:33","date_gmt":"2025-08-15T18:30:33","guid":{"rendered":"https:\/\/bikefacil.com\/?post_type=avada_faq&#038;p=9114"},"modified":"2025-08-15T15:31:38","modified_gmt":"2025-08-15T18:31:38","slug":"posso-usar-bicicletarios-em-espacos-internos","status":"publish","type":"avada_faq","link":"https:\/\/bikefacil.com\/faqs\/posso-usar-bicicletarios-em-espacos-internos\/","title":{"rendered":"Posso usar biciclet\u00e1rios em espa\u00e7os internos?"},"content":{"rendered":"<p>Sim! Salas internas oferecem maior prote\u00e7\u00e3o e seguran\u00e7a, especialmente em edif\u00edcios corporativos ou institui\u00e7\u00f5es de ensino.<\/p>\n","protected":false},"excerpt":{"rendered":"<p>Sim! Salas internas oferecem maior prote\u00e7\u00e3o e seguran\u00e7a, especialmente em  [&#8230;]<\/p>\n","protected":false},"author":7,"featured_media":0,"menu_order":4,"comment_status":"closed","ping_status":"closed","template":"","format":"standard","meta":{"_acf_changed":false,"footnotes":""},"faq_category":[130],"class_list":["post-9114","avada_faq","type-avada_faq","status-publish","format-standard","hentry","faq_category-estacionamento-de-bicicletas-para-empresas"],"acf":[],"_links":{"self":[{"href":"https:\/\/bikefacil.com\/?rest_route=\/wp\/v2\/avada_faq\/9114","targetHints":{"allow":["GET"]}}],"collection":[{"href":"https:\/\/bikefacil.com\/?rest_route=\/wp\/v2\/avada_faq"}],"about":[{"href":"https:\/\/bikefacil.com\/?rest_route=\/wp\/v2\/types\/avada_faq"}],"author":[{"embeddable":true,"href":"https:\/\/bikefacil.com\/?rest_route=\/wp\/v2\/users\/7"}],"replies":[{"embeddable":true,"href":"https:\/\/bikefacil.com\/?rest_route=%2Fwp%2Fv2%2Fcomments&post=9114"}],"version-history":[{"count":0,"href":"https:\/\/bikefacil.com\/?rest_route=\/wp\/v2\/avada_faq\/9114\/revisions"}],"wp:attachment":[{"href":"https:\/\/bikefacil.com\/?rest_route=%2Fwp%2Fv2%2Fmedia&parent=9114"}],"wp:term":[{"taxonomy":"faq_category","embeddable":true,"href":"https:\/\/bikefacil.com\/?rest_route=%2Fwp%2Fv2%2Ffaq_category&post=9114"}],"curies":[{"name":"wp","href":"https:\/\/api.w.org\/{rel}","templated":true}]}}

Posso usar bicicletários em espaços internos?

<p>Sim! Salas internas oferecem maior proteção e segurança, especialmente em edifícios corporativos ou instituições de ensino.</p>

<p>Sim! Salas internas oferecem maior proteção e segurança, especialmente em  [&#8230;]</p>
