{"id":9116,"date":"2025-08-15T15:31:09","date_gmt":"2025-08-15T18:31:09","guid":{"rendered":"https:\/\/bikefacil.com\/?post_type=avada_faq&#038;p=9116"},"modified":"2025-08-15T15:31:31","modified_gmt":"2025-08-15T18:31:31","slug":"qual-o-melhor-modelo-para-condominios","status":"publish","type":"avada_faq","link":"https:\/\/bikefacil.com\/faqs\/qual-o-melhor-modelo-para-condominios\/","title":{"rendered":"Qual o melhor modelo para condom\u00ednios?"},"content":{"rendered":"<p>Racks horizontais com cobertura s\u00e3o econ\u00f4micos, f\u00e1ceis de manter e ideais para \u00e1reas comuns de uso frequente.<\/p>\n","protected":false},"excerpt":{"rendered":"<p>Racks horizontais com cobertura s\u00e3o econ\u00f4micos, f\u00e1ceis de manter e  [&#8230;]<\/p>\n","protected":false},"author":7,"featured_media":0,"menu_order":5,"comment_status":"closed","ping_status":"closed","template":"","format":"standard","meta":{"_acf_changed":false,"footnotes":""},"faq_category":[130],"class_list":["post-9116","avada_faq","type-avada_faq","status-publish","format-standard","hentry","faq_category-estacionamento-de-bicicletas-para-empresas"],"acf":[],"_links":{"self":[{"href":"https:\/\/bikefacil.com\/?rest_route=\/wp\/v2\/avada_faq\/9116","targetHints":{"allow":["GET"]}}],"collection":[{"href":"https:\/\/bikefacil.com\/?rest_route=\/wp\/v2\/avada_faq"}],"about":[{"href":"https:\/\/bikefacil.com\/?rest_route=\/wp\/v2\/types\/avada_faq"}],"author":[{"embeddable":true,"href":"https:\/\/bikefacil.com\/?rest_route=\/wp\/v2\/users\/7"}],"replies":[{"embeddable":true,"href":"https:\/\/bikefacil.com\/?rest_route=%2Fwp%2Fv2%2Fcomments&post=9116"}],"version-history":[{"count":0,"href":"https:\/\/bikefacil.com\/?rest_route=\/wp\/v2\/avada_faq\/9116\/revisions"}],"wp:attachment":[{"href":"https:\/\/bikefacil.com\/?rest_route=%2Fwp%2Fv2%2Fmedia&parent=9116"}],"wp:term":[{"taxonomy":"faq_category","embeddable":true,"href":"https:\/\/bikefacil.com\/?rest_route=%2Fwp%2Fv2%2Ffaq_category&post=9116"}],"curies":[{"name":"wp","href":"https:\/\/api.w.org\/{rel}","templated":true}]}}

Qual o melhor modelo para condomínios?

<p>Racks horizontais com cobertura são econômicos, fáceis de manter e ideais para áreas comuns de uso frequente.</p>

<p>Racks horizontais com cobertura são econômicos, fáceis de manter e  [&#8230;]</p>
