{"id":9137,"date":"2025-08-15T15:53:54","date_gmt":"2025-08-15T18:53:54","guid":{"rendered":"https:\/\/bikefacil.com\/?post_type=avada_faq&#038;p=9137"},"modified":"2025-08-15T15:55:31","modified_gmt":"2025-08-15T18:55:31","slug":"qual-tipo-de-bicicletario-economiza-mais-espaco","status":"publish","type":"avada_faq","link":"https:\/\/bikefacil.com\/faqs\/qual-tipo-de-bicicletario-economiza-mais-espaco\/","title":{"rendered":"Qual tipo de biciclet\u00e1rio economiza mais espa\u00e7o?"},"content":{"rendered":"<p>O modelo suspenso ou vertical \u00e9 ideal para espa\u00e7os pequenos.<\/p>\n","protected":false},"excerpt":{"rendered":"<p>O modelo suspenso ou vertical \u00e9 ideal para espa\u00e7os pequenos.<\/p>\n","protected":false},"author":7,"featured_media":0,"menu_order":5,"comment_status":"closed","ping_status":"closed","template":"","format":"standard","meta":{"_acf_changed":false,"footnotes":""},"faq_category":[141],"class_list":["post-9137","avada_faq","type-avada_faq","status-publish","format-standard","hentry","faq_category-cotacao-bicicletario"],"acf":[],"_links":{"self":[{"href":"https:\/\/bikefacil.com\/?rest_route=\/wp\/v2\/avada_faq\/9137","targetHints":{"allow":["GET"]}}],"collection":[{"href":"https:\/\/bikefacil.com\/?rest_route=\/wp\/v2\/avada_faq"}],"about":[{"href":"https:\/\/bikefacil.com\/?rest_route=\/wp\/v2\/types\/avada_faq"}],"author":[{"embeddable":true,"href":"https:\/\/bikefacil.com\/?rest_route=\/wp\/v2\/users\/7"}],"replies":[{"embeddable":true,"href":"https:\/\/bikefacil.com\/?rest_route=%2Fwp%2Fv2%2Fcomments&post=9137"}],"version-history":[{"count":0,"href":"https:\/\/bikefacil.com\/?rest_route=\/wp\/v2\/avada_faq\/9137\/revisions"}],"wp:attachment":[{"href":"https:\/\/bikefacil.com\/?rest_route=%2Fwp%2Fv2%2Fmedia&parent=9137"}],"wp:term":[{"taxonomy":"faq_category","embeddable":true,"href":"https:\/\/bikefacil.com\/?rest_route=%2Fwp%2Fv2%2Ffaq_category&post=9137"}],"curies":[{"name":"wp","href":"https:\/\/api.w.org\/{rel}","templated":true}]}}

Qual tipo de bicicletário economiza mais espaço?

<p>O modelo suspenso ou vertical é ideal para espaços pequenos.</p>
