{"id":9223,"date":"2025-08-15T17:51:56","date_gmt":"2025-08-15T20:51:56","guid":{"rendered":"https:\/\/bikefacil.com\/?post_type=avada_faq&#038;p=9223"},"modified":"2025-08-15T17:51:56","modified_gmt":"2025-08-15T20:51:56","slug":"e-possivel-personalizar-o-bicicletario","status":"publish","type":"avada_faq","link":"https:\/\/bikefacil.com\/faqs\/e-possivel-personalizar-o-bicicletario\/","title":{"rendered":"\u00c9 poss\u00edvel personalizar o biciclet\u00e1rio?"},"content":{"rendered":"<p>Sim, fabricantes podem adaptar cor, tamanho e at\u00e9 inserir o logotipo da empresa.<\/p>\n","protected":false},"excerpt":{"rendered":"<p>Sim, fabricantes podem adaptar cor, tamanho e at\u00e9 inserir o  [&#8230;]<\/p>\n","protected":false},"author":7,"featured_media":0,"menu_order":4,"comment_status":"closed","ping_status":"closed","template":"","format":"standard","meta":{"_acf_changed":false,"footnotes":""},"faq_category":[159],"class_list":["post-9223","avada_faq","type-avada_faq","status-publish","format-standard","hentry","faq_category-fabricante-de-bicicletario"],"acf":[],"_links":{"self":[{"href":"https:\/\/bikefacil.com\/?rest_route=\/wp\/v2\/avada_faq\/9223","targetHints":{"allow":["GET"]}}],"collection":[{"href":"https:\/\/bikefacil.com\/?rest_route=\/wp\/v2\/avada_faq"}],"about":[{"href":"https:\/\/bikefacil.com\/?rest_route=\/wp\/v2\/types\/avada_faq"}],"author":[{"embeddable":true,"href":"https:\/\/bikefacil.com\/?rest_route=\/wp\/v2\/users\/7"}],"replies":[{"embeddable":true,"href":"https:\/\/bikefacil.com\/?rest_route=%2Fwp%2Fv2%2Fcomments&post=9223"}],"version-history":[{"count":0,"href":"https:\/\/bikefacil.com\/?rest_route=\/wp\/v2\/avada_faq\/9223\/revisions"}],"wp:attachment":[{"href":"https:\/\/bikefacil.com\/?rest_route=%2Fwp%2Fv2%2Fmedia&parent=9223"}],"wp:term":[{"taxonomy":"faq_category","embeddable":true,"href":"https:\/\/bikefacil.com\/?rest_route=%2Fwp%2Fv2%2Ffaq_category&post=9223"}],"curies":[{"name":"wp","href":"https:\/\/api.w.org\/{rel}","templated":true}]}}

É possível personalizar o bicicletário?

<p>Sim, fabricantes podem adaptar cor, tamanho e até inserir o logotipo da empresa.</p>

<p>Sim, fabricantes podem adaptar cor, tamanho e até inserir o  [&#8230;]</p>
