{"id":9252,"date":"2025-08-18T11:00:14","date_gmt":"2025-08-18T14:00:14","guid":{"rendered":"https:\/\/bikefacil.com\/?post_type=avada_faq&#038;p=9252"},"modified":"2025-08-18T11:00:30","modified_gmt":"2025-08-18T14:00:30","slug":"o-que-e-uma-loja-bicicletario","status":"publish","type":"avada_faq","link":"https:\/\/bikefacil.com\/faqs\/o-que-e-uma-loja-bicicletario\/","title":{"rendered":"O que \u00e9 uma loja biciclet\u00e1rio?"},"content":{"rendered":"<p>Uma loja biciclet\u00e1rio \u00e9 especializada na venda de estruturas para guardar bicicletas com seguran\u00e7a, ideal para resid\u00eancias, empresas e espa\u00e7os p\u00fablicos.<\/p>\n","protected":false},"excerpt":{"rendered":"<p>Uma loja biciclet\u00e1rio \u00e9 especializada na venda de estruturas para  [&#8230;]<\/p>\n","protected":false},"author":7,"featured_media":0,"menu_order":1,"comment_status":"closed","ping_status":"closed","template":"","format":"standard","meta":{"_acf_changed":false,"footnotes":""},"faq_category":[169],"class_list":["post-9252","avada_faq","type-avada_faq","status-publish","format-standard","hentry","faq_category-loja-bicicletario"],"acf":[],"_links":{"self":[{"href":"https:\/\/bikefacil.com\/?rest_route=\/wp\/v2\/avada_faq\/9252","targetHints":{"allow":["GET"]}}],"collection":[{"href":"https:\/\/bikefacil.com\/?rest_route=\/wp\/v2\/avada_faq"}],"about":[{"href":"https:\/\/bikefacil.com\/?rest_route=\/wp\/v2\/types\/avada_faq"}],"author":[{"embeddable":true,"href":"https:\/\/bikefacil.com\/?rest_route=\/wp\/v2\/users\/7"}],"replies":[{"embeddable":true,"href":"https:\/\/bikefacil.com\/?rest_route=%2Fwp%2Fv2%2Fcomments&post=9252"}],"version-history":[{"count":0,"href":"https:\/\/bikefacil.com\/?rest_route=\/wp\/v2\/avada_faq\/9252\/revisions"}],"wp:attachment":[{"href":"https:\/\/bikefacil.com\/?rest_route=%2Fwp%2Fv2%2Fmedia&parent=9252"}],"wp:term":[{"taxonomy":"faq_category","embeddable":true,"href":"https:\/\/bikefacil.com\/?rest_route=%2Fwp%2Fv2%2Ffaq_category&post=9252"}],"curies":[{"name":"wp","href":"https:\/\/api.w.org\/{rel}","templated":true}]}}

O que é uma loja bicicletário?

<p>Uma loja bicicletário é especializada na venda de estruturas para guardar bicicletas com segurança, ideal para residências, empresas e espaços públicos.</p>

<p>Uma loja bicicletário é especializada na venda de estruturas para  [&#8230;]</p>
