{"id":9301,"date":"2025-08-18T12:05:52","date_gmt":"2025-08-18T15:05:52","guid":{"rendered":"https:\/\/bikefacil.com\/?post_type=avada_faq&#038;p=9301"},"modified":"2025-08-18T12:05:52","modified_gmt":"2025-08-18T15:05:52","slug":"quanto-espaco-ocupa-um-bicicletario-modular-segundo-a-norma-abnt-bicicletario","status":"publish","type":"avada_faq","link":"https:\/\/bikefacil.com\/faqs\/quanto-espaco-ocupa-um-bicicletario-modular-segundo-a-norma-abnt-bicicletario\/","title":{"rendered":"Quanto espa\u00e7o ocupa um biciclet\u00e1rio modular segundo a norma ABNT biciclet\u00e1rio?"},"content":{"rendered":"<p>Resposta: cerca de 2\u202fm\u00b2 por vaga, incluindo corredor de 1,20\u202fm de largura.<\/p>\n","protected":false},"excerpt":{"rendered":"<p>Resposta: cerca de 2\u202fm\u00b2 por vaga, incluindo corredor de 1,20\u202fm  [&#8230;]<\/p>\n","protected":false},"author":7,"featured_media":0,"menu_order":4,"comment_status":"closed","ping_status":"closed","template":"","format":"standard","meta":{"_acf_changed":false,"footnotes":""},"faq_category":[182],"class_list":["post-9301","avada_faq","type-avada_faq","status-publish","format-standard","hentry","faq_category-norma-abnt-bicicletario"],"acf":[],"_links":{"self":[{"href":"https:\/\/bikefacil.com\/?rest_route=\/wp\/v2\/avada_faq\/9301","targetHints":{"allow":["GET"]}}],"collection":[{"href":"https:\/\/bikefacil.com\/?rest_route=\/wp\/v2\/avada_faq"}],"about":[{"href":"https:\/\/bikefacil.com\/?rest_route=\/wp\/v2\/types\/avada_faq"}],"author":[{"embeddable":true,"href":"https:\/\/bikefacil.com\/?rest_route=\/wp\/v2\/users\/7"}],"replies":[{"embeddable":true,"href":"https:\/\/bikefacil.com\/?rest_route=%2Fwp%2Fv2%2Fcomments&post=9301"}],"version-history":[{"count":0,"href":"https:\/\/bikefacil.com\/?rest_route=\/wp\/v2\/avada_faq\/9301\/revisions"}],"wp:attachment":[{"href":"https:\/\/bikefacil.com\/?rest_route=%2Fwp%2Fv2%2Fmedia&parent=9301"}],"wp:term":[{"taxonomy":"faq_category","embeddable":true,"href":"https:\/\/bikefacil.com\/?rest_route=%2Fwp%2Fv2%2Ffaq_category&post=9301"}],"curies":[{"name":"wp","href":"https:\/\/api.w.org\/{rel}","templated":true}]}}

Quanto espaço ocupa um bicicletário modular segundo a norma ABNT bicicletário?
